 = 0. What is the remainder when 109 is divided by g?
25
Let q = 486 - 466. Calculate the remainder when q is divided by -2 - (-10 - (-2)/2).
6
Let w(i) = 6*i. Let g be w(1). Suppose -2*b + g*b = 0. Suppose -72 = -b*n - 4*n. What is the remainder when 52 is divided by n?
16
Let i(p) = 6*p**3 - 3*p**2 + 2*p. Let m be i(1). Suppose m*w = -3*w + 200. What is the remainder when w is divided by 6?
1
Let y(s) = s**3 - 36*s**2 - 38*s + 54. What is the remainder when 254 is divided by y(37)?
16
Suppose 3*t = 2*h + 15, 10*h - 5*h + 55 = 4*t. Calculate the remainder when (-3)/(27/h*-1 - 2) is divided by 9.
6
Suppose 0 = -5*z + 613 - 168. Suppose 3*s + z = 251. Suppose 3*x - 61 = -5*d, 3*x = 2*d + 5*x - 22. What is the remainder when s is divided by d?
12
Suppose -100*u + 3160 = -96*u. What is the remainder when u is divided by 61?
58
Let x(b) = 10*b + 1. Let i = 14 - 21. Let n(d) = 7*d + 1. Let m(g) = i*n(g) + 5*x(g). Calculate the remainder when 9 is divided by m(7).
4
What is the remainder when -4 + ((-26)/39)/(1/(-138)) is divided by 46?
42
Suppose 0 = -5*o + 2*r + 694, 5*o + r - 656 - 32 = 0. What is the remainder when o is divided by 20?
18
Suppose 22*j - 3*j = 475. Calculate the remainder when j is divided by 6.
1
Suppose -6*c = 7*c - 91. Calculate the remainder when 95 is divided by c.
4
Let k = -1016 + 1018. What is the remainder when 28 is divided by k?
0
Let h = 25 + -21. Suppose 2*b - b = -4*o + 124, -h*o = -2*b - 112. Calculate the remainder when o is divided by 17.
13
Suppose 11*z = 977 + 354. Calculate the remainder when z is divided by 35.
16
Suppose 2*m = 2*t + 4, -17 - 9 = -5*m - 3*t. Calculate the remainder when m is divided by ((-2)/(-4) + 2)*(-1352)/(-845).
0
Let j(p) = -p**3 + 7*p**2 + 24*p + 16. Calculate the remainder when j(8) is divided by 37.
33
Suppose -3*k = -3*x - 120, -10*x + 9*x - 192 = -5*k. Suppose -k = -5*m - 28. What is the remainder when 12 is divided by m?
0
Let a(v) = 4*v**2 - 23*v + 543. Calculate the remainder when a(16) is divided by 16.
15
Let y = -50 + 90. What is the remainder when 478 is divided by y?
38
Suppose -2*g + 36 = -g. Let x = g + -4. Let q = x - 18. Calculate the remainder when 54 is divided by q.
12
Suppose -2*v + 4 = 108. Let p = -79 - v. Let o = 41 + p. What is the remainder when 82 is divided by o?
12
Let y = 1254 + -1202. What is the remainder when 71 is divided by y?
19
Let m(y) = y**3 - 11*y**2 + 12*y - 15. Suppose 0*o - 4*o = -40. Let f be m(o). What is the remainder when 4/10 + 103/f is divided by 6?
3
Let d(k) be the first derivative of -k**4/4 + 10*k**3/3 + 5*k**2 + 12*k + 11. Let x be d(11). Let j = x + 10. Calculate the remainder when 31 is divided by j.
9
Suppose -90 = -3*z - 27. Let y be (-7)/z - 1/(-3). Calculate the remainder when 35 is divided by (-6)/2*(-4 - y).
11
Suppose -30*b - 66 = -41*b. Calculate the remainder when 63 is divided by b.
3
Let q(c) = 16*c**2 + 2*c + 1. Let d be q(-1). Suppose -3*j + d = 3*y, 3*y = -4*j + y + 18. Suppose j*a = 11 + 5. Calculate the remainder when 9 is divided by a.
1
Calculate the remainder when -2*((-2870)/36 + 10/45) is divided by 7.
5
Calculate the remainder when 81 is divided by ((-258)/(-215))/(3/10).
1
What is the remainder when 0 - (-8)/(-6) - 248/(-24) is divided by 4?
1
Suppose -4*g + 2*i + 308 = 0, -9*i + 6*i = -g + 67. Calculate the remainder when 406 is divided by g.
11
Suppose 2*w - 4*y - 302 = -46, -2*y = -8. Suppose -3*u + w + 131 = 0. What is the remainder when u is divided by 15?
14
Let v = 810 - 445. Suppose 0 = -5*n + l + v, 3*n - 219 = -3*l - 0*l. What is the remainder when n is divided by 15?
13
Let c(v) = 2*v**3 + 19*v**2 - 17*v - 197. What is the remainder when 1181 is divided by c(-9)?
34
Let c = -3707 + 3718. Let x(l) = 2*l + 1. Let i be x(1). Let t = 5 + i. What is the remainder when c is divided by t?
3
Let x be 1 - -2 - (5 + -26). Suppose 0*k - 3*k = -x. Suppose 0 = -2*i + 5*p + 21 + 8, -p = -3*i + 37. What is the remainder when i is divided by k?
4
Suppose -2*w - 2*u + 67 = -253, -w + 5*u = -160. Suppose k + w = 5*k. Suppose -47 = -3*s - a, -2 = -s + 2*a + 2. What is the remainder when k is divided by s?
12
Suppose 546 = 20*m - 6*m. What is the remainder when m is divided by 3/(-2)*66/(-9)?
6
Let y = -467 - -480. Calculate the remainder when 142 is divided by y.
12
Let a = 283 - 152. Let u = a - 103. Calculate the remainder when u is divided by 16.
12
Suppose 0*i = 9*i - 36. Suppose -i*y = 1 - 133. Calculate the remainder when y is divided by 7.
5
Let u = 3 + -15. Let p(g) = g + 23. Suppose -21 = -z + 20. Calculate the remainder when z is divided by p(u).
8
Suppose 8*r - 2*r - 900 = 0. Calculate the remainder when r is divided by 14.
10
Suppose u + y - 4 = 0, -u - 2*u - 13 = -2*y. Let d(w) = 13*w**2 - 7*w - 6. What is the remainder when 39 is divided by d(u)?
11
Let c = -376 - -673. Calculate the remainder when c/18*12/9 is divided by 9.
4
Let n = 1461 + -1376. Calculate the remainder when 1273 is divided by n.
83
Let v(o) = 17 - o + 14 + 26 + 10 - o**3. Let i be (-3)/4 - 21/(-28). Calculate the remainder when v(i) is divided by 17.
16
Let m(a) = 2*a**2 - 2*a + 9. Let k be 0/(1 + (-10)/5). Let y be 8 + -12 - (k + -8). Calculate the remainder when m(y) is divided by 9.
6
Suppose 8*s - 68 = 4. What is the remainder when 17 is divided by s?
8
Let w = -28 - -40. Let l = 313 + -190. Let b = l + -77. Calculate the remainder when b is divided by w.
10
Let n = 749 - 509. Calculate the remainder when n is divided by 49.
44
Let w = -245 - -375. What is the remainder when 255 is divided by w?
125
Suppose 2*j + 11 = 3*b, j = -5*b - 3*j + 55. Let h(w) = -w + 11. What is the remainder when 47 is divided by h(b)?
3
Let k(v) = 83*v - 3 + 6 + 2 - 2. Calculate the remainder when k(1) is divided by 22.
20
Suppose -3*s = -6*s + m - 220, -5*s + 4*m = 376. Let c = 2 - s. What is the remainder when c is divided by (-86)/(-6) - 10/(-15)?
14
Let y = -19 + 32. Calculate the remainder when 52/(-8) + 4 - 1122/(-44) is divided by y.
10
Suppose -12*v = -6*v + 390. Let s = -25 - v. What is the remainder when 74 is divided by s?
34
Let y = -14 - -48. What is the remainder when 124/16*(-2 + 26)/3 is divided by y?
28
Suppose -778 = -12*n + 722. Calculate the remainder when n is divided by 33.
26
What is the remainder when 79 is divided by (2 - 6 - -24*1) + 3?
10
Suppose 13*q - 101 = 3. Let z = 18 - -20. Calculate the remainder when z is divided by q.
6
Calculate the remainder when 163 is divided by (0 - 6/16) + 145046/3344.
34
Suppose 3*p = 5*h - 105, h = -h - 3*p + 42. Let x = h - 18. What is the remainder when 12 is divided by 4*x/12 - -6?
5
Calculate the remainder when 86 is divided by (440/30)/((-6)/(-9)).
20
Let j be ((-2)/3)/(3/(-171)). Suppose j + 70 = 4*o. Suppose 4*k - o - 2 = -5*y, -4*y = -4. Calculate the remainder when 16 is divided by k.
4
Suppose 0 = -26*w - w + 405. What is the remainder when 53 is divided by w?
8
Let c = -805 - -829. Calculate the remainder when 90 is divided by c.
18
Let m(w) = -18*w + 1. What is the remainder when m(-1) is divided by ((-20)/8)/(-4 + 105/28)?
9
Suppose 5*d = -35 + 115. Let r = 6 + d. What is the remainder when r is divided by ((-5)/3)/((-57)/171) + 1?
4
Suppose k - 2*k = -5*r + 151, -k - 1 = 0. What is the remainder when 125 is divided by r?
5
Let y be 4/2*(2 + -1). Suppose -y*g + 0*g + 3*a = -13, 0 = 2*a + 6. Suppose 0 = g*v + 36 - 120. Calculate the remainder when v is divided by 22.
20
Let y(s) = -10*s - 56. Let t be y(-6). Calculate the remainder when 36 + (1 - 27/3) + t is divided by 19.
13
Suppose 0 = -4*f - q + 159, 4*f = 3*f + 4*q + 44. Let p(y) = 2*y**2 - 4. Let v = -4 - -1. What is the remainder when f is divided by p(v)?
12
What is the remainder when 59 is divided by (36/(-21))/(18/(-63))?
5
Let q(y) = y**2 + 3*y + 1. Let f be q(-3). Suppose g + f = 39. Calculate the remainder when g is divided by 10.
8
Let o(s) = s + 1. Let d(l) = -2*l + 4. Let f(x) = d(x) - 3*o(x). Let u(z) = z**3 - 20*z**2 + 12*z + 153. Calculate the remainder when u(19) is divided by f(-2).
9
Let v be (-3 - -2)/(1 + (-6)/4). Suppose 4*a + 22 = v*q, -5*q + 11 + 30 = 4*a. What is the remainder when 16 is divided by q?
7
Let p be 10/2 - (3 + -3). Suppose -30 = -p*d - 0*g - g, -2*d + g + 12 = 0. Calculate the remainde